{"id":700,"date":"2024-10-16T11:27:28","date_gmt":"2024-10-16T11:27:28","guid":{"rendered":"https:\/\/wpriverthemes.com\/gixus\/?page_id=700"},"modified":"2025-09-01T23:50:27","modified_gmt":"2025-09-01T23:50:27","slug":"authorise-company","status":"publish","type":"page","link":"https:\/\/firesolutionsbaja.com\/?page_id=700","title":{"rendered":"Tanques de Agua"},"content":{"rendered":"\t\t<div data-elementor-type=\"wp-page\" data-elementor-id=\"700\" class=\"elementor elementor-700\">\n\t\t\t\t<div class=\"elementor-element elementor-element-24d5a6e e-con-full e-flex e-con e-parent\" data-id=\"24d5a6e\" data-element_type=\"container\" data-e-type=\"container\">\n\t\t\t\t<div class=\"elementor-element elementor-element-81a95e1 elementor-widget elementor-widget-project_details\" data-id=\"81a95e1\" data-element_type=\"widget\" data-e-type=\"widget\" data-widget_type=\"project_details.default\">\n\t\t\t\t<div class=\"elementor-widget-container\">\n\t\t\t\t\t        <!-- Project Details Area -->\n        <div class=\"project-details-area default-padding\">\n            <div class=\"container\">\n                <div class=\"project-details-items\">\n                    <div class=\"project-thumb\">\n                        <div class=\"row\">\n                            <div class=\"col-md-7\">\n                                <img decoding=\"async\" src=\"http:\/\/firesolutionsbaja.com\/wp-content\/uploads\/2025\/08\/Tarsco2.png\" alt=\"Image Not Found\">\n                            <\/div>\n                            <div class=\"col-md-5\">\n                                <img decoding=\"async\" src=\"http:\/\/firesolutionsbaja.com\/wp-content\/uploads\/2025\/08\/09.jpg\" alt=\"Image Not Found\">\n                            <\/div>\n                        <\/div>\n                    <\/div>\n                    <div class=\"top-info\">\n                        <div class=\"row\">\n                            <div class=\"col-xl-4 col-lg-5 order-lg-last right-info\">\n                                <div class=\"project-info\">\n                                    <h4 class=\"title\">Project Info<\/h4>\n                                    <ul>\n                                                                                    <li>Client <span>WordPressRiver Themes<\/span><\/li>\n                                                                                    <li>Date <span>25 February, 2022<\/span><\/li>\n                                                                                    <li>Address <span>1401, 21st Street STE R4569, California<\/span><\/li>\n                                                                            <\/ul>\n                                    <ul class=\"social\">\n                                                                                    <li>\n                                                <a href=\"#\">\n                                                    <i class=\"fab fa-facebook-f\"><\/i>\n                                                <\/a>\n                                            <\/li>\n                                                                                    <li>\n                                                <a href=\"#\">\n                                                    <i class=\"fab fa-twitter\"><\/i>\n                                                <\/a>\n                                            <\/li>\n                                                                                    <li>\n                                                <a href=\"#\">\n                                                    <i class=\"fab fa-linkedin-in\"><\/i>\n                                                <\/a>\n                                            <\/li>\n                                                                                    <li>\n                                                <a href=\"#\">\n                                                    <i class=\"fab fa-pinterest-p\"><\/i>\n                                                <\/a>\n                                            <\/li>\n                                                                            <\/ul>\n                                <\/div>\n                            <\/div>\n                            <div class=\"col-xl-8 col-lg-7 pr-35 pr-md-15 pr-xs-15 left-info mt-md-10\">\n                                <h2 class=\"title\">Tanques de agua <\/h2>\n                                <p>\n                                Los tanques de almacenamiento de agua cumplen una funci\u00f3n esencial dentro de los sistemas de protecci\u00f3n contra incendios, ya que abastecen a las bombas y garantizan el suministro continuo con el caudal, presi\u00f3n y calidad requeridos.\n\nSu dimensionamiento se realiza considerando la demanda total de agua para rociadores autom\u00e1ticos y mangueras, durante el tiempo que dure un incendio, siempre en conformidad con los est\u00e1ndares y normativas locales e internacionales vigentes.\n\nLa existencia de un tanque de reserva resulta cr\u00edtica, pues asegura la disponibilidad inmediata de agua en caso de conato o siniestro, permitiendo atacar el fuego de manera oportuna en sus primeras etapas.                            <\/p>\n                            <p>\n                                Componentes principales de un tanque contra incendio                            <\/p>\n                            <\/div>\n                        <\/div>\n                    <\/div>\n\n                    <!-- Challenges Section -->\n                    <div class=\"project-details-items bg-gray default-padding mt-100 mt-xs-40\">\n                        <div class=\"item-grid-container\">\n                                                            <div class=\"single-grid\">\n                                    <div class=\"item-grid-colum\">\n                                        <div class=\"left-info\">\n                                            <h2>Componentes principales de un tanque contra incendio<\/h2>\n                                        <\/div>\n                                        <div class=\"right-info\">\n                                            <p>En su mayor\u00eda, los tanques utilizados en estos sistemas son fabricados en acero, ya sea atornillados o soldados, e incluyen membranas geotextiles para reforzar su durabilidad. Se presentan com\u00fanmente con acabados galvanizados o recubrimientos ep\u00f3xicos que mejoran su resistencia y calidad.<\/p>\n                                            <p>Un tanque contra incendio debe contar con equipamiento m\u00ednimo para su correcto funcionamiento, entre los que destacan:\n<\/p>\n                                                                                        <h3>Equipamiento m\u00ednimo<\/h3>\n                                                                                                                                    <ul class=\"list-style-two\">\n                                                    <li>Indicador de nivel de agua<\/li><li>Tuber\u00eda de descarga con v\u00e1lvula de control y v\u00e1lvula check<\/li><li>L\u00ednea de llenado (fill)<\/li><li>Entrada de hombre para inspecci\u00f3n y limpieza<\/li><li>Tuber\u00eda de drenado<\/li><li>Placa anti-torbellino (en tanques de succi\u00f3n)<\/li><li>En el caso de los tanques de gravedad<\/li><li>se instalan en una posici\u00f3n elevada<\/li><li>aprovechando la carga por altura para incrementar la presi\u00f3n disponible en el sistema de protecci\u00f3n.<\/li>                                                <\/ul>\n                                                                                                                                <\/div>\n                                    <\/div>\n                                <\/div>\n                                                            <div class=\"single-grid\">\n                                    <div class=\"item-grid-colum\">\n                                        <div class=\"left-info\">\n                                            <h2>Consideraciones de instalaci\u00f3n<\/h2>\n                                        <\/div>\n                                        <div class=\"right-info\">\n                                            <p>Antes de su montaje, es fundamental evaluar el tipo de terreno y definir la cimentaci\u00f3n adecuada, que puede ser en forma de anillo o plancha. Una ingenier\u00eda civil bien dise\u00f1ada y ejecutada es indispensable para prevenir problemas futuros como asentamientos, inclinaciones o fugas.\n\nEn tanques atornillados, la instalaci\u00f3n comienza con el piso y progresa de abajo hacia arriba.<\/p>\n                                            <p>En tanques atornillados, la instalaci\u00f3n comienza con el piso y progresa de abajo hacia arriba.\n\nEn tanques con membrana, se utilizan gatos hidr\u00e1ulicos, iniciando desde el anillo superior hacia los inferiores, lo cual minimiza trabajos en altura y reduce riesgos de seguridad.<\/p>\n                                                                                        <h3>Consideraciones b\u00e1sicas<\/h3>\n                                                                                                                                    <ul class=\"list-style-two\">\n                                                    <li>En tanques atornillados<\/li><li>la instalaci\u00f3n comienza con el piso y progresa de abajo hacia arriba.\n\nEn tanques con membrana<\/li><li>se utilizan gatos hidr\u00e1ulicos<\/li><li>iniciando desde el anillo superior hacia los inferiores<\/li><li>lo cual minimiza trabajos en altura y reduce riesgos de seguridad.<\/li>                                                <\/ul>\n                                                                                                                                        <img decoding=\"async\" src=\"https:\/\/wpriverthemes.com\/gixus\/wp-content\/themes\/gixus\/assets\/img\/banner\/19.jpg\" alt=\"Image Not Found\">\n                                                                                    <\/div>\n                                    <\/div>\n                                <\/div>\n                                                            <div class=\"single-grid\">\n                                    <div class=\"item-grid-colum\">\n                                        <div class=\"left-info\">\n                                            <h2>Normativas aplicables<\/h2>\n                                        <\/div>\n                                        <div class=\"right-info\">\n                                            <p>El dise\u00f1o, construcci\u00f3n e instalaci\u00f3n de tanques de almacenamiento de agua para protecci\u00f3n contra incendios deben regirse por est\u00e1ndares internacionales como:<\/p>\n                                            <p>Adem\u00e1s, es necesario considerar la zona s\u00edsmica en la que se ubica la instalaci\u00f3n. En \u00e1reas con actividad tect\u00f3nica, los tanques requieren anclajes s\u00edsmicos perimetrales que aseguren su estabilidad ante movimientos tel\u00faricos.<\/p>\n                                                                                        <h3>Normas <\/h3>\n                                                                                                                                    <ul class=\"list-style-two\">\n                                                    <li>NFPA 12<\/li><li>NFPA 22<\/li>                                                <\/ul>\n                                                                                                                                <\/div>\n                                    <\/div>\n                                <\/div>\n                                                    <\/div>\n                    <\/div>\n                <\/div>\n            <\/div>\n        <\/div>\n        <!-- End Project Details Area -->\n        \t\t\t\t<\/div>\n\t\t\t\t<\/div>\n\t\t\t\t<\/div>\n\t\t\t\t<\/div>\n\t\t","protected":false},"excerpt":{"rendered":"<p>Project Info Client WordPressRiver Themes Date 25 February, 2022 Address 1401, 21st Street STE R4569, California \u00a0 \u00a0 \u00a0 \u00a0 Tanques de agua Los tanques de almacenamiento de agua cumplen una funci\u00f3n esencial dentro de los sistemas de protecci\u00f3n contra incendios, ya que abastecen a las bombas y garantizan el suministro continuo con el caudal, [&hellip;]<\/p>\n","protected":false},"author":1,"featured_media":0,"parent":0,"menu_order":0,"comment_status":"closed","ping_status":"closed","template":"page-templates\/home.php","meta":{"footnotes":""},"class_list":["post-700","page","type-page","status-publish","hentry"],"aioseo_notices":[],"_links":{"self":[{"href":"https:\/\/firesolutionsbaja.com\/index.php?rest_route=\/wp\/v2\/pages\/700","targetHints":{"allow":["GET"]}}],"collection":[{"href":"https:\/\/firesolutionsbaja.com\/index.php?rest_route=\/wp\/v2\/pages"}],"about":[{"href":"https:\/\/firesolutionsbaja.com\/index.php?rest_route=\/wp\/v2\/types\/page"}],"author":[{"embeddable":true,"href":"https:\/\/firesolutionsbaja.com\/index.php?rest_route=\/wp\/v2\/users\/1"}],"replies":[{"embeddable":true,"href":"https:\/\/firesolutionsbaja.com\/index.php?rest_route=%2Fwp%2Fv2%2Fcomments&post=700"}],"version-history":[{"count":13,"href":"https:\/\/firesolutionsbaja.com\/index.php?rest_route=\/wp\/v2\/pages\/700\/revisions"}],"predecessor-version":[{"id":2147,"href":"https:\/\/firesolutionsbaja.com\/index.php?rest_route=\/wp\/v2\/pages\/700\/revisions\/2147"}],"wp:attachment":[{"href":"https:\/\/firesolutionsbaja.com\/index.php?rest_route=%2Fwp%2Fv2%2Fmedia&parent=700"}],"curies":[{"name":"wp","href":"https:\/\/api.w.org\/{rel}","templated":true}]}}